{"id":122,"date":"2019-12-23T15:51:36","date_gmt":"2019-12-23T14:51:36","guid":{"rendered":"http:\/\/quaranteneuftrois.net\/?page_id=122"},"modified":"2024-01-16T02:18:01","modified_gmt":"2024-01-16T01:18:01","slug":"petite-histoire-2","status":"publish","type":"page","link":"https:\/\/quaranteneuftrois.net\/index.php\/petite-histoire-2\/","title":{"rendered":"petite histoire"},"content":{"rendered":"\r\n<p>Nous sommes tous des farceurs, nous survivons \u00e0 nos probl\u00e8mes. <br \/>E. Cioran<\/p>\r\n\r\n\r\n\r\n<p class=\"has-drop-cap\">Le transistor proustien a provoqu\u00e9 ce commentaire \u00e9crit d\u2019un seul trait sans r\u00e9flexion excessive et avec quelques impr\u00e9cisions qui le rendront certes confus mais repr\u00e9sentatif de ces radios des trous du cul du monde dont personne n\u2019a rien \u00e0 foutre.<br \/>Bien entendu, je vais parler d\u2019une radio qui m\u2019est ch\u00e8re et qui me semble-t-il \u00e0 garder sa coh\u00e9rence et pertinence, surtout aujourd\u2019hui, parce qu\u2019elle est travers\u00e9e par des dissensions internes finalement saines sur le projet de canal sud sur le plus ou surplus de radicalit\u00e9 ou le comment l\u2019exprimer. Or les radicalit\u00e9s n\u2019ont pas \u00e0 se confronter (c\u2019est plus facile \u00e0 \u00e9crire qu\u2019\u00e0 faire), elles ont \u00e0 s\u2019allier ; \u00e0 travailler ensemble ou \u00e0 c\u00f4t\u00e9 pour renforcer l\u2019action radiophonique et c\u2019est ce que nous finirons par faire et refaire tant qu\u2019il y aura un potar \u00e0 pousser et quelqu\u2019un pour le pousser&#8230;<br \/>Avant donc, nous \u00e9tions la plupart du temps, isol\u00e9s dans notre mode de fonctionnement, puisque nous n\u2019avions pas de salari\u00e9s gestionnaires nous n\u2019avions aucune subvention locale , nous avions peu de contact avec l\u2019institutionnel en g\u00e9n\u00e9ral et pour aller vite, nous refusions notre assignation \u00e0 r\u00e9sidence de radios locales . Bien entendu, il faudrait d\u00e9velopper tout \u00e7a pour \u00e9viter, les amalgames et mauvais traitements que l\u2019on pourrait faire \u00e0 ce texte, mais comme personne n\u2019arrive plus au bout d\u2019un texte aujourd\u2019hui pas plus qu\u2019au bout d\u2019un podcast, faut placer le l\u00e0 d\u2019o\u00f9 l\u2019on parle assez vite.<\/p>\r\n\r\n\r\n\r\n<figure class=\"wp-block-gallery columns-1 is-cropped wp-block-gallery-1 is-layout-flex wp-block-gallery-is-layout-flex\">\r\n<ul class=\"blocks-gallery-grid\">\r\n<li class=\"blocks-gallery-item\">\r\n<figure><img loading=\"lazy\" decoding=\"async\" width=\"1024\" height=\"1024\" class=\"wp-image-175\" src=\"http:\/\/quaranteneuftrois.net\/wp-content\/uploads\/2019\/12\/Image-du-se-papiers-1024x1024.gif\" alt=\"\" data-id=\"175\" data-full-url=\"http:\/\/quaranteneuftrois.net\/wp-content\/uploads\/2019\/12\/Image-du-se-papiers.gif\" data-link=\"http:\/\/quaranteneuftrois.net\/index.php\/petite-histoire-2\/image-du-se-papiers\/\" srcset=\"https:\/\/quaranteneuftrois.net\/wp-content\/uploads\/2019\/12\/Image-du-se-papiers-1024x1024.gif 1024w, https:\/\/quaranteneuftrois.net\/wp-content\/uploads\/2019\/12\/Image-du-se-papiers-300x300.gif 300w, https:\/\/quaranteneuftrois.net\/wp-content\/uploads\/2019\/12\/Image-du-se-papiers-150x150.gif 150w, https:\/\/quaranteneuftrois.net\/wp-content\/uploads\/2019\/12\/Image-du-se-papiers-768x768.gif 768w, https:\/\/quaranteneuftrois.net\/wp-content\/uploads\/2019\/12\/Image-du-se-papiers-1200x1200.gif 1200w\" sizes=\"auto, (max-width: 1024px) 100vw, 1024px\" \/><\/figure>\r\n<\/li>\r\n<\/ul>\r\n<\/figure>\r\n\r\n\r\n\r\n<p class=\"has-drop-cap\"><br \/>Donc le projet engag\u00e9 de canal sud est de donner la parole \u00e0 ceux qui l\u2019on peu ou pas , mais de le d\u00e9cliner \u00e0 notre mani\u00e8re en fonction de notre pass\u00e9 de radio pirate, de radio anarco-gauchiste et de l\u2019\u00e9poque dans laquelle on est et qui travaille en nous, donc nous radicalisons l\u2019ensemble de notre programmation, d\u2019une part , nous continuons \u00e0 \u00eatre des militants explicites et d\u00e9veloppons les grands th\u00e8mes qui traversent le monde qui nous entourent, d\u2019autre part, nous devenons des militants implicites en d\u00e9veloppant une programmation musicale radicale , elle-aussi , que personne ne diffuse, si ce n\u2019est quelques radios prestigieuses mais pour des raisons plus explicitement li\u00e9es \u00e0 l\u2019\u0153uvre et au musicien), programmation musicale qui d\u00e9joue la hi\u00e9rarchisation des conventions et de l\u2019importance et du prestige de l\u2019auteur, ainsi nous pouvons diffuser une composition de Jean Schwartz ou Vinko Globokar \u00e0 c\u00f4te d\u2019 Viva Espa\u00f1a de Georgette plana si le contexte l\u2019impose (en tout cas, \u00e7a a toujours un effet).<br \/>Voil\u00e0, o\u00f9 nous en sommes encore \u00e0 canal sud, ce qui fait de nous une structure jeune puisque que nous n\u2019avons pas r\u00e9solu ce paradoxe, et que nous arrivons \u00e0 nous \u00ab conflire \u00bb.<br \/>Restent quelques derni\u00e8res pr\u00e9cisions \u00e0 poser pour aller au bout de ce qu\u2019est une radio alternative et de poser plus que r\u00e9pondre la probl\u00e9matique des salari\u00e9s dans ce type de structure.<br \/>En fait, j\u2019ai certainement trop de choses \u00e0 dire par rapport \u00e0 ce qu\u2019aurait pu \u00eatre la radio , et ce qu\u2019elle pourrait \u00eatre aujourd\u2019hui. Tr\u00e8s attentif aux aventures erratiques et enthousiasmantes de carbonne14, j\u2019ai toujours eu l\u2019impression que nous ne pouvions pas faire au pire aussi bien ou mieux que les radios des autres cat\u00e9gories. Mais par contre, nous avions la possibilit\u00e9 de la d\u00e9construction totale et c\u2019est en ce sens que je me suis r\u00e9appropri\u00e9, la sentence d\u2019un soir d\u2019un Alain Weinstein fatigu\u00e9 ou inspir\u00e9, ou les deux : \u2026nous voudrions peut-\u00eatre, aussi, rappeler que la radio est encore capable de quelques miracles, par exemple qu\u2019elle est un moyen de cr\u00e9ation \u00e0 part enti\u00e8re, non subordonn\u00e9 \u00e0 l\u2019information ou \u00e0 je ne sais quelle r\u00e9f\u00e9rence prestigieuse telle la musique, le th\u00e9\u00e2tre ou la litt\u00e9rature\u2026La radio est libre. Elle est libre de n\u2019\u00eatre que de la radio sans autre enjeu que de se donner libre cours, m\u00eame si aujourd\u2019hui, elle est ali\u00e9n\u00e9e et d\u00e9soeuvr\u00e9e\u2026\u00a0\u00bb Alain Weinstein nuits magn\u00e9tiques le 20 juin 1989. Nous avions la possibilit\u00e9 de faire une autre radio et nous en avons encore la possibilit\u00e9 de faire quelque chose qui d\u00e9roge \u00e0 la forme, et au fond attendus de notre \u00e9criture radiophonique. Et que ce soit le lieu de rencontre de toutes les radicalit\u00e9s que ce soit celle de l\u2019amateur de musique garage, le militant anti Bure, ou anti prison, du fan club de Sankara et du son le plus brut , des expressions radicales musicales, th\u00e9\u00e2trales .<br \/>Nous sommes encore une radio o\u00f9 sont propos\u00e9s r\u00e9guli\u00e8rement des formations gratuites pour que l\u2019\u00e9criture radiophonique se partage le plus possible.<br \/>Il me para\u00eet aussi important de pr\u00e9ciser que je suis venu \u00e0 la radio pour le plaisir et pour d\u00e9finir d\u2019autres fa\u00e7ons de faire de la radio. Et je mettrais encore dans le principe du plaisir la d\u00e9finition d\u2019un projet \u00e0 multiples facettes o\u00f9 des individus cr\u00e9ent un projet collectif de leurs individualit\u00e9s et de la confrontation, de la friction de ces individualit\u00e9s. C\u2019\u00e9tait la seule mani\u00e8re de d\u00e9jouer le principe de r\u00e9alit\u00e9 institutionnelle qui a pouss\u00e9 \u00e0 la course aux subventions et autres travers.<br \/>Pour conclure sur cette partie et pour introduire la seconde sur le salariat en radio associative et en g\u00e9n\u00e9ral, avec la dose de provocation que g\u00e9n\u00e8re le texte court, et puis parce que je suis exasp\u00e9r\u00e9 par le s\u00e9curitaire : \u00ab Les radios ont subi le m\u00eame travers que la soci\u00e9t\u00e9, c\u2019\u00e9tait \u00e0 un moment , choisir la s\u00e9curit\u00e9 contre la libert\u00e9, ou pas \u00bb.<br \/>Je fais partie \u00e0 la radio d\u2019une minorit\u00e9 qui ont toujours d\u00e9fendu une radio sans salari\u00e9 ; le fait d\u2019\u00eatre une minorit\u00e9 provoque toujours le m\u00eames effets : nous avons \u00e0 canal sud des emplois aid\u00e9s \u00e9ph\u00e9m\u00e8res mais n\u2019avons jamais eu de permanents historiques.<br \/>L\u2019argumentaire pour la non n\u00e9cessit\u00e9 d\u2019avoir des salari\u00e9s est relativement simple.<br \/>D\u00e9s le d\u00e9but, il y a eu une volont\u00e9 des gouvernements successifs \u00e0 nous entra\u00eener sur la pente de l\u2019embauche avec des incitations fortes \u00e0 employer . Pour nous, radio engag\u00e9e, se posaient plusieurs questions : l\u2019impasse d\u2019\u00eatre employeur, de quelle d\u00e9l\u00e9gation nous avions besoin, comment d\u00e9finir des t\u00e2ches, des emplois du temps, comment accepter des salaires d\u00e9risoires et surtout ce qui me para\u00eet primordial mais qui est syst\u00e9matiquement omis dans la d\u00e9finition des t\u00e2ches, comment porter le projet de la radio . Nous sommes dans une association et ce regroupement s\u2019est fait sur des ententes pr\u00e9alables dont les salari\u00e9s pourraient d\u00e9roger, a cr\u00e9e des situations contradictoires et assez tendues. Ce qui par exemple, pour notre radio, fait que les salari\u00e9s sont devenus la ligne comptable num\u00e9ro un, le sujet de discussion quasiment premier des diff\u00e9rents CA et que le projet n\u2019est plus parl\u00e9.<br \/>Bien entendu, tous ces emplois \u00e0 la radio (et regardons tous les autres, dans les administrations et associations qui ne sont pas des radios, je dirais que travailler dans une radio, c\u2019est moins pire et ne comptez pas sur moi pour d\u00e9fendre le maintien des CAE qui ne reste que l\u2019ultime traitement social du ch\u00f4mage) sont un tantinet ennuyeux , des t\u00e2ches de secr\u00e9tariat d\u2019accueil et c\u2019est pour cela que le recrutement se fait donc sur la tenue quotidienne d\u2019un magazine d\u2019information, apr\u00e8s tout, \u00e0 \u00eatre dans une radio, autant parler au micro . Je suis bien s\u00fbr sur un terrain tr\u00e8s glissant , ce n\u2019est pas le probl\u00e8me imm\u00e9diat de canal sud aujourd\u2019hui, mais se pose tout de suite un conflit de l\u00e9gitimit\u00e9 qui pose de sacr\u00e9s probl\u00e8mes. Canal sud est une radio associative o\u00f9 les membres participent \u00e0 un projet d\u00e9fini par diff\u00e9rentes instances et dont une des caract\u00e9ristiques principales et ne pas hi\u00e9rarchiser les contenus , c\u2019est-\u00e0-dire qu\u2019une fois qu\u2019une \u00e9mission participe \u00e0 la grille de canal sud, elle a les m\u00eames droits que les autres et surtout la m\u00eame importance, la m\u00eame place et toutes les d\u00e9clinaisons que l\u2019on peut faire sur l\u2019appartenance.<br \/>Or \u00e0 des moments de notre histoire, et ind\u00e9pendamment de la qualit\u00e9 de leur travail et de l\u2019ad\u00e9quation de leur travail avec le projet de canal sud et aussi par leur permanence \u00e0 l\u2019int\u00e9rieur des locaux de la radio, certains salari\u00e9s ont pu poser le caract\u00e8re indispensable et central de leur poste et red\u00e9finir la hi\u00e9rarchisation des normes de canal sud et l\u00e0, bien s\u00fbr, \u00e7a peut coincer . Bien entendu, les producteurs de la radio ne sont pas obligatoirement sur la m\u00eame longueur d\u2019onde et ont surtout sur une pratique consommatoire parfois d\u00e9sagr\u00e9able , donc \u00e0 relever plus le d\u00e9faut que ce qui marche bien. Mais \u00e0 y regarder de plus pr\u00e8s et en analysant cette histoire que nous avons v\u00e9cu, n\u2019est ce pas en prenant des salari\u00e9s pour faire ce qui nous paraissait fastidieux que nous avons en m\u00eame temps induit le comportement consommateur et distanci\u00e9 du producteur de canal sud et probl\u00e9matis\u00e9 le rapport entre producteurs et super producteurs gestionnaires.<br \/>Voil\u00e0 quelques r\u00e9flexions sur ces trente derni\u00e8res ann\u00e9es et que nous avons encore et toujours envie d\u2019\u00eatre diff\u00e9rent.<\/p>\r\n\r\n\r\n\r\n<p>Bernard Fontaine<\/p>\r\n","protected":false},"excerpt":{"rendered":"<p>Nous sommes tous des farceurs, nous survivons \u00e0 nos probl\u00e8mes. E. Cioran Le transistor proustien a provoqu\u00e9 ce commentaire \u00e9crit d\u2019un seul trait sans r\u00e9flexion excessive et avec quelques impr\u00e9cisions qui le rendront certes confus mais repr\u00e9sentatif de ces radios des trous du cul du monde dont personne n\u2019a rien \u00e0 foutre.Bien entendu, je vais [&hellip;]<\/p>\n","protected":false},"author":1,"featured_media":0,"parent":0,"menu_order":0,"comment_status":"open","ping_status":"closed","template":"","meta":{"footnotes":""},"class_list":["post-122","page","type-page","status-publish","hentry"],"_links":{"self":[{"href":"https:\/\/quaranteneuftrois.net\/index.php\/wp-json\/wp\/v2\/pages\/122","targetHints":{"allow":["GET"]}}],"collection":[{"href":"https:\/\/quaranteneuftrois.net\/index.php\/wp-json\/wp\/v2\/pages"}],"about":[{"href":"https:\/\/quaranteneuftrois.net\/index.php\/wp-json\/wp\/v2\/types\/page"}],"author":[{"embeddable":true,"href":"https:\/\/quaranteneuftrois.net\/index.php\/wp-json\/wp\/v2\/users\/1"}],"replies":[{"embeddable":true,"href":"https:\/\/quaranteneuftrois.net\/index.php\/wp-json\/wp\/v2\/comments?post=122"}],"version-history":[{"count":7,"href":"https:\/\/quaranteneuftrois.net\/index.php\/wp-json\/wp\/v2\/pages\/122\/revisions"}],"predecessor-version":[{"id":454,"href":"https:\/\/quaranteneuftrois.net\/index.php\/wp-json\/wp\/v2\/pages\/122\/revisions\/454"}],"wp:attachment":[{"href":"https:\/\/quaranteneuftrois.net\/index.php\/wp-json\/wp\/v2\/media?parent=122"}],"curies":[{"name":"wp","href":"https:\/\/api.w.org\/{rel}","templated":true}]}}